7) in base 11?
-1296277
40434314 (base 5) to base 16
4ff23
30dd5 (base 15) to base 4
211311320
Convert -11111101000010010110000 (base 2) to base 14.
-115b984
Convert -121031232000 (base 4) to base 8.
-31155600
Convert -30275602 (base 9) to base 15.
-141b545
2303232041 (base 5) to base 6
302005420
Convert 124530b (base 12) to base 10.
3575675
1011100000111010101 (base 2) to base 16
5c1d5
What is 56698 (base 11) in base 12?
3b574
What is -43a61 (base 14) in base 8?
-500145
Convert d957c1 (base 16) to base 8.
66253701
Convert 101122011111101 (base 3) to base 10.
5652298
266b36 (base 12) to base 10
634074
Convert d11a9 (base 14) to base 9.
845260
Convert 110010110001100011110 (base 2) to base 8.
6261436
-100012222200212 (base 3) to base 5
-2223311342
Convert -6801608 (base 9) to base 16.
-37e1b5
Convert 3182082 (base 10) to base 4.
30020320002
What is 1517830 (base 9) in base 16?
ccd71
Convert 59844 (base 12) to base 2.
11101011001110100
-6250405 (base 7) to base 16
-b7862
What is 6258284 (base 9) in base 12?
1154157
Convert 7177653 (base 8) to base 5.
441303314
244661 (base 9) to base 7
1153621
Convert -110122021 (base 3) to base 11.
-6a17
What is 230114025 (base 6) in base 12?
14ab915
Convert 43315053 (base 6) to base 2.
100111001110101001001
What is -11200000021200 (base 3) in base 4?
-21131202021
-1c42b2 (base 14) to base 7
-11405412
Convert 132222203000 (base 4) to base 13.
1885b83
Convert -12132032313 (base 4) to base 15.
-237ad0
Convert 100071 (base 10) to base 7.
564516
Convert -a6edc9 (base 15) to base 6.
-442203400
Convert -cd56d (base 16) to base 5.
-203403234
What is -a0229c (base 13) in base 2?
-1110001011101010011111
38578 (base 11) to base 2
1101011111011101
What is -1180c28 (base 13) in base 16?
-52d5ac
-121153 (base 9) to base 8
-216505
Convert -15844f (base 16) to base 4.
-11120101033
1c246 (base 13) to base 2
1101100000011001
Convert 20143013 (base 5) to base 7.
1244025
Convert 3d625 (base 15) to base 12.
960bb
What is -7580232 (base 10) in base 15?
-9eaedc
What is 1b61a4 (base 13) in base 8?
2525105
123899 (base 10) to base 16
1e3fb
254646411 (base 7) to base 12
5528879
What is 29406b0 (base 12) in base 7?
130336554
5c916 (base 14) to base 9
375081
-3335166 (base 7) to base 10
-412383
What is -6114191 (base 11) in base 3?
-202100020100201
-104542 (base 10) to base 14
-2a154
What is -11111110011111110000 (base 2) in base 15?
-158ce6
-413111 (base 6) to base 2
-1000000101000011
Convert 436666 (base 7) to base 14.
1dddd
Convert 11101111101000100 (base 2) to base 7.
1020463
Convert 11423024402 (base 5) to base 9.
27334556
Convert 330222232 (base 4) to base 2.
111100101010101110
What is -111120222002 (base 3) in base 2?
-1000001010011111110
What is 21112211021 (base 4) in base 2?
1001010110100101001001
Convert 1225251 (base 7) to base 10.
157914
Convert 143600 (base 7) to base 6.
332222
Convert -10214555 (base 6) to base 13.
-a5767
1111110111000001110 (base 2) to base 14
d7570
What is 110101010111110010001001 (base 2) in base 6?
1215513213
2e00 (base 15) to base 16
26ac
What is -10110010001001011 (base 2) in base 11?
-6258a
Convert 1072614 (base 10) to base 15.
162c29
What is 7a3a77 (base 13) in base 10?
2893040
13320554 (base 6) to base 5
103233123
-1211314 (base 5) to base 11
-16075
What is -11011100000101001 (base 2) in base 10?
-112681
Convert -176689a (base 11) to base 6.
-144113323
2456095 (base 11) to base 12
151a325
-4451412 (base 6) to base 12
-a9b68
Convert 600052 (base 10) to base 16.
927f4
What is -11330403 (base 5) in base 13?
-38abb
-288558 (base 16) to base 9
-4886680
What is -229252 (base 10) in base 9?
-378424
Convert -3163367 (base 8) to base 15.
-11a809
-103410510 (base 7) to base 16
-5e6a6d
What is -15002636 (base 8) in base 11?
-1a19513
Convert 564431 (base 11) to base 5.
212231233
What is -11200221212112 (base 3) in base 14?
-490982
Convert 410420314 (base 5) to base 3.
10010001111021
What is 6c989 (base 14) in base 12?
109651
Convert -2a32622 (base 11) to base 16.
-4f5c47
Convert -153089 (base 10) to base 12.
-74715
Convert 5993 (base 10) to base 11.
4559
17043 (base 11) to base 8
56705
1011252513 (base 6) to base 11
5981a08
-1126577 (base 8) to base 9
-516461
Convert 11100212211020 (base 3) to base 11.
1345294
What is -16bcc5 (base 13) in base 3?
-1001220112122
1040412 (base 6) to base 13
1a885
What is -100000010000101010111 (base 2) in base 7?
-11661646
-28815c (base 13) to base 15
-148016
What is -1464134 (base 7) in base 10?
-200729
What is -101001000101001011110 (base 2) in base 14?
-270810
Convert -187574 (base 12) to base 15.
-86a84
What is 666c33 (base 16) in base 6?
355511443
Convert -22444323 (base 5) to base 2.
-110001100101010000
What is 79c28 (base 16) in base 14?
cda76
Convert -100100010000001101 (base 2) to base 14.
-3c189
What is -37a9c (base 13) in base 14?
-296c9
Convert -1a67167 (base 11) to base 15.
-48ae1d
Convert 79037 (base 14) to base 9.
486735
a37b5 (base 13) to base 10
293532
2432024 (base 5) to base 3
2022221121
-215246 (base 7) to base 5
-2202422
13337 (base 14) to base 4
23202311
What is 2012103223 (base 4) in base 8?
2062353
Convert 7a35e5 (base 15) to base 6.
325010112
What is -2bc6c (base 16) in base 4?
-223301230
What is 1022222120 (base 4) in base 10?
305816
607717 (base 8) to base 16
30fcf
Convert 520627 (base 11) to base 10.
835292
Convert -35818 (base 15) to base 13.
-5c840
What is -1332561 (base 7) in base 13?
-622b6
What is -850614 (base 16) in base 5?
-4212432334
What is -4361170 (base 9) in base 13?
-6406a4
What is 12801a1 (base 14) in base 12?
2b99a95
-14055874 (base 9) to base 11
-3a14613
-4340525 (base 6) to base 10
-215333
What is -2022001200220 (base 3) in base 9?
-2261626
3da67 (base 14) to base 13
54820
What is e6899 (base 16) in base 10?
944281
What is 15127055 (base 8) in base 14?
65c285
Convert 4334833 (base 10) to base 16.
4224f1
What is 10202111010 (base 3) in base 5?
4331413
11515 (base 10) to base 4
2303323
Convert -1031043 (base 13) to base 6.
-253201240
What is 1001101000101111011 (base 2) in base 9?
531136
96d94a (base 15) to base 3
111111222201121
What is -22043012 (base 5) in base 15?
-3b622
Convert -6624167 (base 9) to base 15.
-4a484a
What is 22211112 (base 4) in base 14?
11b26
What is 1130211 (base 11) in base 2?
111100010100111010101
-10252530 (base 6) to base 7
-2400132
What is 1270318 (base 10) in base 2?
100110110001000101110
Convert -4300321 (base 8) to base 16.
-1180d1
What is -643356 (base 8) in base 16?
-346ee
-825651 (base 9) to base 6
-14255031
Convert -6472a (base 15) to base 11.
-1a8628
Convert 245533 (base 7) to base 16.
b092
What is -10905a9 (base 12) in base 8?
-14066121
What is -16745d (base 14) in base 6?
-24521551
Convert -481123 (base 14) to base 13.
-682586
-202020001001210 (base 3) to base 7
-160232250
What is -84b22 (base 15) in base 11?
-268344
-100001110100011111011 (base 2) to base 15
-16d564
Convert -59b212 (base 13) to base 12.
-871356
Convert 23ddc9 (base 14) to base 2.
100101100000111101101
22145 (base 14) to base 9
135242
What is 260fbf (base 16) in base 7?
30126205
1022022230 (base 4) to base 11
198271
What is -111025531 (base 6) in base 12?
-80b2a7
Convert -23267 (base 13) to base 15.
-1400b
Convert 2013211231 (base 5) to base 3.
21121011112021
Convert -36094 (base 12) to base 8.
-215760
413541 (base 6) to base 10
33253
Convert -64202 (base 12) to base 2.
-100000001000100010
17d035e (base 15) to base 8
102174223
Convert -14616640 (base 8) to base 11.
-1988932
Convert -100110222222 (base 3) to base 15.
-3a468
Convert -1214599 (base 11) to base 9.
-3872287
What is -1287085 (base 15) in base 8?
-62703015
a87cbb (base 14) to base 11
3248a79
What is 76b42 (base 13) in base 5?
23340042
Convert 12506461 (base 7) to base 4.
10113211111
1011210130 (base 4) to base 15
59671
What is 17767 (base 13) in base 5?
2421313
What is 11443140 (base 5) in base 11?
75026
What is -32414103 (base 5) in base 7?
-2242136
Convert -177910 (base 10) to base 3.
-100001001021
-100011001010101111 (base 2) to base 5
-14102142
Convert -344340223 (base 5) to base 6.
-53224421
What is 11011011122220 (base 3) in base 15?
2d92d0
What is -411341 (base 8) in base 2?
-100001001011100001
Convert -5413a (base 11) to base 4.
-103031211
Convert 256123 (bas